 -w = 4*j - 30 - 39, 24 = 2*j + 4*w. What are the prime factors of j?
2, 3
Let u(h) = 11*h**2 + h - 2. What are the prime factors of u(2)?
2, 11
Let p(n) = 2*n - 2. Let i be p(2). Suppose 2 = i*o - 0. Let f = o - -10. What are the prime factors of f?
11
Let s be (-12)/((-3)/12*6). Let f = 9 - s. List the prime factors of f/((-1)/16*-2).
2
Suppose 4*a - 9 = 7. Suppose 7*n - a*n = b - 3, 3*n = 5*b - 15. Suppose -o + 13 = -n*o. What are the prime factors of o?
13
Suppose 4*r - 32 = 2*n, 4*n - 3*r + 39 = -0*r. Let y = n - -10. Let u = y - -5. What are the prime factors of u?
3
Let n(a) = a**3 - 7*a**2 + 3. Let h be n(7). Let f(c) = 2*c - h*c**2 + 1 + 3*c**2 - 7*c**3. What are the prime factors of f(-1)?
2, 3
Let n = -18 - -125. List the prime factors of n.
107
Let k(l) = -l**3 - 7*l**2 - 6*l + 7. Let u = 9 + -15. List the prime factors of k(u).
7
Suppose 55 = 4*w - 5*c - 94, 2*c + 2 = 0. List the prime factors of w.
2, 3
Suppose -12*k = -21*k + 549. List the prime factors of k.
61
Let g(s) = -s**2 + 2*s - 2. Let n(i) = i**2 - i + 1. Let v(b) = -g(b) + n(b). List the prime factors of v(2).
5
Suppose q - 23 = -2*d + 6*q, -d = q - 1. List the prime factors of d.
2
Suppose -7*s + 24 = -3*s. Let w = -8 - -10. Let z = w + s. List the prime factors of z.
2
Let t(d) = d. Let z be t(0). Let f be (-1 - z) + -1 + 6. Let g = 8 - f. List the prime factors of g.
2
Let p = 122 - 48. What are the prime factors of p?
2, 37
List the prime factors of 3 + (3 - (-3 + 8)) - -135.
2, 17
Let t(r) = -4*r**3 + 5*r**2 - r - 2. Let p(w) = -w**3 - w**2 - w + 1. Let s(i) = -3*p(i) + t(i). What are the prime factors of s(8)?
11
Suppose 6*d - 28 = 5*d. List the prime factors of d.
2, 7
Suppose -36 = -14*i + 10*i. What are the prime factors of i?
3
Let x = 280 - -34. What are the prime factors of x?
2, 157
Let d be 2 - (0 - 0) - -17. Suppose -3*s + 6*s = -4*w + 37, -w = 4*s - d. What are the prime factors of w?
7
Suppose -l - 110 = 4*l. Suppose -w - 1 = 0, 0 = -3*t - 5*w - 64 + 26. Let f = t - l. What are the prime factors of f?
11
Suppose 17 + 4 = 3*i. Let z(k) = -k**2 - 8*k + 2. Let t be z(-5). Let n = t - i. What are the prime factors of n?
2, 5
Let x(q) = 4*q. Let l = 6 - 5. Let c be x(l). List the prime factors of (1*-2)/((-1)/c).
2
Let y(z) = z**2 + 13*z + 16. Let l be y(-12). Suppose l*a - 76 + 8 = 0. What are the prime factors of a?
17
Suppose -m - 24 = 5*o, -5*m - 12 - 8 = 0. Let w = 1 - o. Suppose -3*a - 16 = -5*a - 4*q, -w*a + q = -84. List the prime factors of a.
2
Let a(l) = l. Let v be a(2). Suppose -v*d = d. Suppose -3*b + 8 + 16 = d. List the prime factors of b.
2
List the prime factors of ((4 - -1) + 0)*(6 + -1).
5
Suppose 2*b + 269 = 3*i, -262 = i - 4*i - 5*b. What are the prime factors of i?
89
Let w be 23 + 0 + 1 - 0. Let d = w + -7. What are the prime factors of d?
17
Suppose t - 17 = 7. List the prime factors of t/9*(-9)/(-2).
2, 3
Let z be (-2 - (-6)/3)/2. Suppose 0 = 5*o - 4*d - 92, z*o = -2*o + 2*d + 36. List the prime factors of o.
2, 5
Suppose 0 = -4*o - 4*w, 5*w + 7 = o - 5. Suppose 25 = o*q - 49. Suppose 7 - q = -5*j. What are the prime factors of j?
2, 3
Let g = 2 - 1. Suppose 2*r - 15 = -g. What are the prime factors of r?
7
Let l(z) = -z**3 - 3*z**2 + 11*z - 2. What are the prime factors of l(-7)?
3, 13
Let z(w) = 4*w - 3. Suppose -3*y = 1 - 7. Suppose b + d + 1 = -y*d, 0 = b + 2*d. List the prime factors of z(b).
5
Let s = -24 - -61. List the prime factors of s.
37
Let g be (-80)/6*(-30)/4. Suppose -2*t + g = 3*f - 8, -3 = -t. What are the prime factors of f?
2, 17
List the prime factors of 43 - 4/(2 + 2).
2, 3, 7
Suppose 2*l = -2*l + 40. List the prime factors of l.
2, 5
Suppose 3*l - 6*l = -18. Suppose -2*z + l*z = 0. Suppose p = 2 - z. List the prime factors of p.
2
What are the prime factors of (-36)/2*-6*4/16?
3
Suppose -6*k + 343 = k. What are the prime factors of k?
7
Suppose 2*k + 2*k = 224. What are the prime factors of k?
2, 7
Let d be 22/(-2) + 1 + 1. Let m = 18 + 2. Let s = d + m. List the prime factors of s.
11
Let k = -3 + 0. What are the prime factors of (-2)/3*k + 0?
2
Let j(a) = -a**2 - a - 24. Let z be j(0). What are the prime factors of 5/(-2)*z/10?
2, 3
Let l = -60 - -146. What are the prime factors of l?
2, 43
Let a(z) = 6*z + 4. List the prime factors of a(3).
2, 11
Let l be (3*-1)/(2 + -3). Suppose 0 = y - 0*y - l*r - 7, 86 = 5*y + 2*r. List the prime factors of y.
2
Let o(h) be the third derivative of h**6/120 + h**5/15 + 2*h**3/3 - h**2. List the prime factors of o(-3).
13
Let t = 485 + -279. List the prime factors of t.
2, 103
Let h(v) = v - 1. Let o be h(2). Let b be 1/(-1)*o/1. Let d(i) = -10*i**3 - 2*i**2 - i. What are the prime factors of d(b)?
3
Let o = -97 - -219. Let x = 11 - o. List the prime factors of x/(-15) - 2/5.
7
Suppose 6*i = 2*i + 8. Suppose -2*m + 32 + 79 = 5*h, -i*h - m + 45 = 0. What are the prime factors of h?
3, 7
Suppose -2*o - 3*l + 2 = 12, -3*l = 12. Suppose 2*h - 21 = -o. List the prime factors of (-66)/(-15) + (-4)/h.
2
Suppose -3*h + 2*h = 54. Let k = -38 - h. What are the prime factors of k?
2
Suppose -2*r = 4*x - 24, -6*x + x + 31 = 3*r. Let p = x - 8. List the prime factors of (2/p)/((-4)/18).
3
Let r(n) = -n**3 - 3*n**2 + 5*n - 7. List the prime factors of r(-5).
2, 3
Suppose -l + 25 + 33 = 2*o, -2*o + 3*l = -50. Let f = o + -3. List the prime factors of f.
5
Suppose -2*y + 2*w = -3*w - 28, 4*y + 4*w = 0. Let k be ((-15)/10)/(2/y). List the prime factors of 4/6 + (-25)/k.
3
Let n(y) = y + 13. Let t be n(-9). Suppose g - t = -g. Suppose 3*v = -2*r + 9, -g*v + 4*v - 30 = -4*r. List the prime factors of r.
3
Let c = 9 - 5. Let d = c - 5. List the prime factors of (-4)/(-2) - (-1 - d).
2
Let n(q) = 7*q. Let o be n(1). Let p = o + -5. Suppose 2*f - 2 = p. What are the prime factors of f?
2
Suppose t + 4 = -2*t - 4*m, 0 = -t - m. Suppose -4*x = -2*l - 28, 15 + 5 = -5*l. Suppose t*v - 13 = -x. List the prime factors of v.
2
Let l be 4/(-6) - 26/(-3). Suppose -i = -3*u - 1, -i - l = -4*i + 4*u. Suppose -f - 2*y + 67 = 4*f, -f - i*y + 17 = 0. What are the prime factors of f?
13
Let k(g) = g - 1. Let r be k(0). What are the prime factors of r/(0 + 1/(-33))?
3, 11
Suppose -4*a + 10 = -5*y, 3*y + a = -0*a + 11. Let n(q) = 7*q**2 - q - 3. What are the prime factors of n(y)?
23
Let r(h) = h**3 + 7*h**2 - 3*h - 5. Let f = -22 - -15. What are the prime factors of r(f)?
2
Let c = -8 + 12. Suppose -5*y = -c*y - 12. Suppose 0*m - y = -4*m. What are the prime factors of m?
3
Suppose n + 2*r - 4*r - 84 = 0, -4*n = -4*r - 320. Let s = n - 45. What are the prime factors of s?
31
Let y = -16 + 22. Suppose l - y = -2*l. Suppose l*p - 4*p + 3 = -5*d, -p = -4*d. List the prime factors of p.
2
Let f be 1 + (4 - 3)*2. Let p(j) = -f*j**2 + 2*j**2 + 2*j**2 + 2 - 7*j - 8. What are the prime factors of p(8)?
2
Suppose 295 = 4*f - 289. List the prime factors of f.
2, 73
Let c be 2/((-38)/14 - -3). Let x = c - 1. What are the prime factors of x?
2, 3
What are the prime factors of (-2094)/(-18)*3 - 2?
347
Let p(b) = -4*b + 4. Let v be p(-4). Suppose 0 = -5*u + 55 + v. What are the prime factors of u?
3, 5
Suppose -1 = 2*z + 11. What are the prime factors of 182/21*z/(-4)?
13
Suppose -2*l - l + 579 = -5*c, 3*l + 3*c - 603 = 0. List the prime factors of l.
2, 3, 11
Let q = -5 + 3. What are the prime factors of q*((-35)/2)/5?
7
Let y = -613 + 860. List the prime factors of y.
13, 19
Let n be 22/8 + 4/16. Suppose 4*p - 20 - 16 = -4*f, 5*f - n*p - 45 = 0. List the prime factors of f.
3
Let p be (-3)/6 - 2/(-4). Suppose p = 4*i - 8 - 0. Suppose 0 = -5*o + i*q + 25 + 18, -16 = -2*o + 2*q. List the prime factors of o.
3
List the prime factors of ((-555)/10)/(6/(-16)).
2, 37
Let y = 5 - 6. Let z be -2 + 4 - (-1 - y). Suppose 2*f + 5*x - 24 = 23, z*f - 2*x - 26 = 0. What are the prime factors of f?
2
List the prime factors of (-28)/(-1) - (3 - 0).
5
Suppose -2*c + 180 = 4*g, -3*g + 8*g = -4*c + 348. What are the prime factors of c?
2, 41
Let t(q) = 17*q + 1. Let c = 1 - 0. Let s be t(c). Let h = s - 13. What are the prime factors of h?
5
Suppose -3*x = -0*x - 6, 0 = 4*q - 5*x - 142. Suppose -3*j = -q - 10. List the prime factors of j.
2
Let y = 56 + -30. What are the prime factors of y?
2, 13
Let a be (-6)/((-6)/27*-1). Let h = a 